 + 2*q + 102. Let b be 2/(-4) + (-3 - o/(-4)). Suppose 17*s = b*s - 630. What is the highest common factor of 18 and s?
18
Let t be ((-14)/(-3))/(3/(-477)). Let j = t - -779. Calculate the greatest common divisor of 74 and j.
37
Suppose 29*p + 15323 = 15584. Let u be (-2)/4*-2*9. Calculate the highest common divisor of u and p.
9
Suppose -24*r = -23*r - 0 - 948. What is the greatest common divisor of r and 96?
12
Let s(z) = -z**2 - 347*z + 909. Let x be s(0). What is the greatest common divisor of x and 9?
9
Let m = -2468 + 4833. What is the highest common divisor of 110 and m?
55
Let o = -80 + 76. Let m be -2*((13 - 13) + 442/o). What is the greatest common divisor of m and 17?
17
Suppose 3*g + 4*a = -558, 372 = -11*g + 9*g + 4*a. Let o = g + 243. What is the greatest common divisor of o and 95?
19
Let m(q) = 7*q + 49. Let w(o) = 8*o + 52. Let z(r) = 3*m(r) - 4*w(r). Let v be z(-8). Calculate the greatest common factor of v and 198.
9
Suppose 0 = -2*w + 7 - 15. Let f = 0 + 2. Let m be w*(-2 + 3/f). What is the highest common factor of m and 18?
2
Let a be -91*(-8)/((-176)/(-22)). Calculate the highest common divisor of a and 1222.
13
Let i(o) = -4*o - 29. Let d = 25 + -19. Suppose -d*z - 64 - 8 = 0. Let j be i(z). What is the greatest common divisor of j and 19?
19
Suppose -5*c - 797 - 210 = -3*h, 0 = -4*h - 4*c + 1300. Let m(y) = y**2 + y + 47. Let n be m(0). Calculate the highest common divisor of n and h.
47
Let c = 36 - 43. Let i(x) = -x**3 - 8*x**2 - 11*x - 12. Let z be i(c). What is the highest common divisor of z and 24?
8
Let p(d) = 2 - 104*d + d**2 + 104*d + 4. Let w be p(8). What is the greatest common divisor of w and 175?
35
Let x be 6*(-5)/((-25)/45). Let w = x + -18. Suppose 0 = 41*f - 45*f + w. Calculate the highest common factor of 63 and f.
9
Suppose -26*n + 160 = -1608. What is the greatest common divisor of 9673 and n?
17
Let z be (30 + -8)*(2 - 2 - 1). Let o be (-4)/1 + z + 6. Let y be 65/o*2*-10. Calculate the highest common divisor of y and 13.
13
Suppose -2*m + 4*p = -92, -13*m + 17*m + 5*p - 197 = 0. Calculate the highest common divisor of 1928 and m.
8
Let y = 95 - 87. Let n(j) = 2*j**2 - 4*j + 5. Let v be n(y). Suppose -5*c + 3*l = -v, 0*l = -2*c - l + 36. What is the highest common factor of c and 133?
19
Suppose -24*b + 431 = -23*b. Suppose 0 = -4*g + 17 + b. Calculate the highest common divisor of 16 and g.
16
Suppose 13 = 3*i - 341. Let p = -2297 - -2474. Calculate the greatest common factor of p and i.
59
Suppose 13*s - 9*s = 84. Suppose 2*p - 3*y - s + 9 = 0, 4*y - 6 = -p. Suppose p - 9 = -b. What is the highest common divisor of 9 and b?
3
Suppose -4*h + 6 - 18 = -2*s, 0 = 5*h - 5*s + 25. Let u(d) = 4*d**2 + d + 2. Let r be u(h). Calculate the highest common divisor of r and 5.
5
Suppose -87 = -5*j - 12. Let z be (-2 - 10)*j/(-4). Suppose q = -3*u + 36, -2*u + 70 = -5*q + 216. What is the highest common divisor of q and z?
15
Let r(z) = -5*z + 1. Let f be r(-2). Let v(a) = -a**2 + 14*a - 15. Let d be v(5). Suppose -l - f = -d. Calculate the greatest common divisor of 114 and l.
19
Suppose i + 4*w = 85, -4*i + 2*w = 67 - 407. Let p = i + -55. Let d(f) = -41*f - 231. Let u be d(-6). What is the highest common divisor of u and p?
15
Suppose 7*c - c = 144. Let g be (-20 + c)*5/(-4). Let l(j) = -2*j**2 - 9*j + 9. Let r be l(g). Calculate the highest common divisor of r and 36.
4
Suppose 0 = 3*r - 2*m - 31, 7*r = 4*r - 4*m + 1. Let b be 3 - (-4 + r) - -400. What is the highest common factor of 50 and b?
50
Let c be 16/(-88) - (-20726)/11. Calculate the greatest common divisor of 24 and c.
12
Let g = 6897 - 6832. Let q(f) = 10*f**2 - 3*f - 5. Let k be q(-5). What is the greatest common factor of k and g?
65
Suppose 44 = z - 5*z. Let c = -39 - z. Let q be 2 - (c/2 - -2). What is the greatest common divisor of 2 and q?
2
Suppose 0 = -3*x + 2*m + m + 15, -x = -5*m - 13. Suppose 0 = 5*o - x*j - 60, 4*o - 2 = 4*j + 46. Calculate the highest common divisor of o and 384.
12
Suppose -5*k + 2786 = 2*d, -464 = -3*k + 5*d + 1220. Calculate the highest common divisor of k and 155.
31
Suppose -174 = -8*v - 6. What is the highest common factor of v and 3171?
21
Let q be 178/14 - (-20)/(-490)*-7. Let g(u) = 2*u**3 - 24*u**2 + 7*u - 21. Let d be g(q). What is the highest common divisor of d and 153?
51
Let l be (-24 - -23)/((-2)/(-8)). Let v(o) = -2*o + 2 - 12 - 4 - 5*o. Let j be v(l). What is the greatest common factor of 14 and j?
14
Let t(z) be the first derivative of -4*z**2 + 145*z - 12. Let k be t(14). What is the highest common factor of k and 44?
11
Let x(t) = 20*t**2 - 4*t - 2. Let y be x(-1). Let u = -85 + 569. What is the highest common factor of y and u?
22
Let u be 17*(-2008)/(-14) - 750/2625. Calculate the greatest common divisor of u and 92.
46
Let h be (-1 - -1) + (-8)/(32/(-10340)). Suppose h = 4*d - 5*k, 0 = 2*d + 3*k - 1575 + 266. What is the greatest common divisor of d and 50?
50
Let z(w) = w**2 - 6*w - 8. Let v be z(8). Let c be -12 + (-429)/(-13) + 7. Calculate the greatest common factor of c and v.
4
Let r(i) = -835*i - 726. Let k be r(-1). What is the highest common divisor of k and 21037?
109
Let w = 2089 - 2078. Let u(y) = -10*y + 5. Let b be u(-5). Suppose -2*o + b = 3*o. What is the highest common factor of w and o?
11
Let j be (-14)/70*18*-15. Calculate the greatest common factor of j and 39.
3
Let m = -139 - -698. Let k = m - 119. What is the greatest common factor of k and 40?
40
Suppose -13 - 34 - 1 = -8*x. Calculate the greatest common divisor of 682 and x.
2
Suppose -36*v - 7*v = 25*v - 3876. Calculate the greatest common divisor of 1767 and v.
57
Let o = -312 - -318. Suppose o*h = -89 + 341. What is the greatest common factor of 112 and h?
14
Let x = -1056 - -3465. Calculate the greatest common divisor of 132 and x.
33
Let f = 59 + -44. Let j be 1*((-5)/(-1))/1. Suppose -3*i = j*n - 495, -n = 4*i - 555 - 105. Calculate the highest common divisor of f and i.
15
Let a be 25/(-15)*(-95 + -2 + -5). Suppose -2*r = 5*r - 357. Calculate the highest common factor of r and a.
17
Let u be ((-50)/(-15))/(2/3). Suppose u*k - 48 = -3*k. Suppose k*y - 15 = y. Calculate the greatest common factor of 12 and y.
3
Suppose 8*j = 4*j + 96. Suppose k = 5*v - 7, 2*k - 10 = 4*v - 2*v. Let d = k - -4. What is the greatest common divisor of j and d?
12
Let d be -4 + 3 + 5/((-5)/(-4)). Suppose 5*i = -d*x + 169, 2*x = -4*i - i + 121. Calculate the greatest common divisor of x and 16.
16
Let c = -147 + 135. Let j be (5 + -13)*39/c. What is the greatest common divisor of 416 and j?
26
Let q(u) = 4*u**2 + 12*u - 22. Suppose -32*w - 11*w = -86. Let a be q(w). What is the highest common divisor of a and 1?
1
Let x(j) = 3*j**2 + 570*j**3 - 284*j**3 - 285*j**3 - 1. Let z be x(-1). Calculate the highest common divisor of z and 41.
1
Let d(f) be the second derivative of 5*f**3/6 - 19*f**2 - f. Suppose 139*u - 234 - 1044 = -3*u. Let v be d(u). What is the greatest common divisor of v and 63?
7
Suppose 58 - 85 = m. Let q be ((-18)/m)/((-12)/(-702)). Calculate the highest common factor of 429 and q.
39
Suppose 34*g - 1492 = -1118. What is the highest common factor of 17 and g?
1
Suppose -45*c + 9*c = -19044. What is the greatest common factor of c and 138?
23
Let q(v) = 444*v + 1398. Let k be q(-3). Calculate the highest common factor of 468 and k.
6
Suppose -16*z + 3*x = -13*z - 27, 2 = -2*z - 2*x. Let w be ((-4)/(-7))/(z/56). What is the highest common divisor of 1016 and w?
8
Let g(v) = 4 + 6 + 2*v + 4*v + v**2. Let w be g(-4). Let i(p) = -5*p - 38. Let f be i(-8). Calculate the highest common divisor of w and f.
2
Let v(g) = g - 1. Let o(c) = 15*c + 148. Let x(r) = -o(r) - 6*v(r). Let f be x(-12). What is the greatest common factor of f and 22?
22
Let v(q) = -q**3 + 11*q**2 - 8*q - 6. Let l be 12/2*(-45)/(-27). Let g be v(l). Calculate the greatest common factor of 126 and g.
14
Let y = -18 - -18. Suppose y*u - 6*u = -30. Let z be ((-8)/u)/((-4508)/900 + 5). What is the greatest common divisor of 72 and z?
36
Let a(n) = 6*n**2 - 72*n - 14. Let p be a(13). What is the greatest common divisor of p and 9152?
64
Let a(b) = 452*b - 1350. Let i be a(3). Suppose 130 = 3*n + w, -4*w + 226 = 4*n + n. Calculate the greatest common facto